mmon divisor of 3 and k?
3
Let c = 28 - 11. Let w be 4/(-10) - 1194/(-10). Calculate the highest common factor of w and c.
17
Let u = 99 - 97. What is the highest common factor of u and 22?
2
Let p(l) = -15*l - 18. Let x be p(-5). What is the greatest common divisor of 19 and x?
19
Let w(g) = 42*g - 5. Let z be w(-4). Let o = -244 - -529. Let c = o + z. Calculate the greatest common divisor of 14 and c.
14
Let b be (-8)/1 - (-4 + 1). Let c(s) = 2*s**2 + 6*s + 7. Let n be c(b). Calculate the greatest common factor of 3 and n.
3
Suppose -2*i - 4*x + 88 = -i, 4*x = i - 72. Suppose 6*l - i = l. Let j = 0 - -8. Calculate the greatest common divisor of l and j.
8
Suppose -120 = -2*c + 8. Let h = 148 - c. Let r = 7 + 5. Calculate the highest common divisor of h and r.
12
Let j = 2 + -4. Let f be -53*(-3 + (-2)/j). Suppose 0 = -2*r - 4*d + 2*d + 52, 4*r + 5*d - f = 0. What is the highest common factor of 36 and r?
12
Suppose -4*c + 118 = -106. Calculate the greatest common divisor of c and 14.
14
Let d = 76 - -44. Calculate the highest common factor of d and 15.
15
Let n be (99/44)/((-2)/(-184)). Calculate the highest common factor of n and 23.
23
Suppose 5*r - 2*o = -o + 549, -o = r - 105. Let q be 201/15 - 4/10. Let c = r - q. What is the greatest common factor of c and 16?
16
Suppose -q = -g + 8, -5*q = -2*g + g + 4. Let y = -4 + g. Suppose 0 = -4*v - 4*r, 2*v + 4 = 3*v - 3*r. Calculate the greatest common factor of y and v.
1
Let u be 4/10 - (-519)/15. What is the highest common factor of u and 14?
7
Suppose 3*x = -3 - 6. Let v be 0 - (80 - -1)/x. What is the greatest common divisor of 18 and v?
9
Let f be 2/(-2) - 240/(-16). What is the greatest common divisor of 126 and f?
14
Suppose -2*h = -5*p - 24, -3*p - 2*h + 2 = 10. Let o = -8 + 13. Let t be (o*(0 + p))/(-1). What is the highest common factor of t and 5?
5
Let u be (-3)/6*-2 + 10. What is the greatest common divisor of u and 11?
11
Let d be (-1 + 119)/(6/27). Let x = 938 - d. Suppose -198 - x = -5*a. Calculate the greatest common factor of 11 and a.
11
Let x(y) = y**2 + 4*y + 1. Let u be x(-4). Calculate the highest common factor of 7 and u.
1
Let l be 16/(-24) - (-70)/(-3). Let c be -2 + 0 + -2 - l. Let y = 21 - 11. Calculate the greatest common divisor of c and y.
10
Let i be (-4902)/(-171) - 2/(-6)*-2. Calculate the greatest common divisor of 224 and i.
28
Let v = 24 + -6. What is the greatest common divisor of v and 198?
18
Let n be ((-2)/(-4))/(5/40). Suppose -p - n*p + 2*w = -183, p - 3*w = 47. Calculate the highest common factor of 14 and p.
7
Let r be 16 - 7/(7/4). What is the greatest common divisor of 132 and r?
12
Let i be 20/(-24)*-27*4/6. Suppose -4*q + 256 = 3*z - 158, 0 = -2*q - 3*z + 204. What is the greatest common divisor of i and q?
15
Let j be (-2)/4 - (-4)/(-8). Let s be 1 + -3 + j - -43. Calculate the greatest common factor of 5 and s.
5
Let d(x) = 4*x + 11. Let j(q) = -6*q - 17. Let v(b) = 8*d(b) + 5*j(b). Let n be v(4). Suppose 0 = -4*w + 6 - 2. Calculate the greatest common factor of n and w.
1
Suppose -2*n - 4*m = 86 - 416, -4*n + 2*m + 710 = 0. Suppose 0 = 4*o - 3*o - 25. What is the highest common divisor of n and o?
25
Let b = 4 + 2. Let m = -2 + b. Calculate the highest common factor of 8 and m.
4
Let u be (13/(-2))/(2/(-4)). Let h(v) be the second derivative of -58*v**3/3 + v**2/2 - 7*v. Let p be h(-1). What is the highest common factor of u and p?
13
Let u = 80 - 14. Suppose 0 = b - 3*b + 12. Calculate the greatest common divisor of b and u.
6
Suppose p + h = 26, 5*p + 3*h = 85 + 41. Let g = p + -1. Calculate the highest common factor of 92 and g.
23
Let t(w) = w**3 - 6*w**2 - 7*w + 14. Let x be t(7). Calculate the highest common divisor of 7 and x.
7
Let k = 4 + 1. Calculate the greatest common divisor of k and 15.
5
Suppose 0 = -0*v + v - 4. Suppose v = m, 4*u - 4*m - 324 - 192 = 0. Let t be u + 1 + 6/(-3). What is the highest common factor of t and 12?
12
Suppose i - 4*q + q = 166, -5*i = -q - 872. Calculate the greatest common factor of i and 25.
25
Suppose -3*i + 2 = -1. What is the highest common divisor of i and 9?
1
Let h(v) = 8*v**2 - 5*v - 3. Let c be h(3). What is the highest common divisor of c and 54?
54
Let r be 2/7 - 282/(-42). Suppose -4*p - 3 = -5*p. Let a(u) = 4*u**2 + 5*u - 2. Let y be a(p). Calculate the greatest common divisor of r and y.
7
Suppose 18*m - 20*m = -12. Calculate the highest common factor of m and 78.
6
Let a = 17 - 15. Suppose 24 = a*s - s - 4*u, 17 = 3*s - u. Calculate the greatest common divisor of s and 6.
2
Let j = 22 - 5. Let w(p) = 16*p**3 - 2*p**2 - 1. Let a(r) = -r - 1. Let b be a(-3). Let l be w(b). What is the highest common divisor of l and j?
17
Let h(a) = 5*a**2 + 1. Let t be h(-3). Suppose 0 = 113*x - 114*x + 69. What is the highest common factor of t and x?
23
Let i(l) = 4*l**2 - 2*l. Let y be i(4). Suppose 3*a = 2*a + 7. Calculate the highest common factor of a and y.
7
Let x = -26 - -31. Calculate the greatest common factor of 25 and x.
5
Let g(c) = -c**3 - 12*c**2 - 2*c - 4. Let v be g(-12). Calculate the greatest common factor of 50 and v.
10
Suppose 4*t - 386 = 330. Let z = t - 75. Let j be 39*3/27*3. What is the greatest common factor of j and z?
13
Suppose 4*z + 2 = 10. Suppose -z*g + 5 = -g. Let i be (-1)/((15/(-54))/g). What is the highest common divisor of i and 3?
3
Let q = 137 - 119. Calculate the highest common factor of 4 and q.
2
Suppose -9*w + w + 48 = 0. Let q(g) = -g**3 - 8*g**2 - 8*g + 5. Let h be q(-7). What is the highest common factor of h and w?
6
Let q be 1058/(-18) + 12/(-54). Let l = q + 89. What is the highest common divisor of l and 20?
10
Let m be 1 - 1 - (-10 + 2). Suppose -p - 4*p = -20, 2*j - 22 = -5*p. Let s be 5*(j + 166/10). What is the greatest common divisor of s and m?
8
Suppose 4 - 31 = -3*g. Calculate the greatest common factor of 63 and g.
9
Suppose 0 = 3*q + 2*q. Let u = q + 11. Let p be (-2)/(8/(-110))*2. Calculate the highest common factor of p and u.
11
Let f be 1*7*(-136)/(-28). Let j = f + -22. Calculate the greatest common factor of 48 and j.
12
Let y = -6 + 5. Let c = y + 2. Let m be -3 + c - (-2 - 7). Calculate the highest common divisor of 35 and m.
7
Let p be 410/35 + 2 + (-4)/(-14). Calculate the greatest common divisor of p and 7.
7
Let i be (-3 - -11)*98/8. Calculate the greatest common divisor of i and 14.
14
Let u(v) = -v**2 + 5*v - 3. Let b be u(3). Calculate the highest common divisor of 3 and b.
3
Suppose 25 = -4*h + 9*h, -4*p + 151 = -h. Calculate the highest common factor of 195 and p.
39
Let b be (58/3)/(12/18). Let n be (-12)/30 + (-2034)/(-10). What is the greatest common factor of n and b?
29
Let z be ((-28)/(-35))/((-2)/10). Let i(r) = r**3 + 3*r**2 - 6*r - 4. Let a be i(z). What is the highest common factor of 4 and a?
4
Suppose 8*d - 22 = 6*d. What is the highest common divisor of 44 and d?
11
Let y = -14 - -68. Calculate the highest common factor of y and 189.
27
Suppose 4*o = 3*o + 9. Suppose -3*j + 243 = -2*j. Suppose -4*a + a + j = 0. Calculate the greatest common factor of o and a.
9
Let f = -43 - -89. Calculate the highest common divisor of f and 23.
23
Let s(c) = -c**3 + 5*c**2 - 2*c - 6. Let p be s(4). Suppose p*r + 0 = q + 18, 5*r - 4*q = 42. What is the greatest common divisor of 20 and r?
10
Let k be (0 - 30)/((-6)/16). Calculate the highest common factor of 32 and k.
16
Let u = -332 - -440. Let x(i) = 0*i - 1 + i + 0 + 12*i**2. Let w be x(1). Calculate the greatest common factor of u and w.
12
Let y = -34 + 46. Let w be 4/((2 - 1) + 0). Suppose w*a - 139 = 5*r, -2*r - 34 = -a - 0*r. What is the highest common factor of a and y?
12
Let r = -19 + 27. Let i(f) = 2*f**2 - 6*f. Let v be i(r). Calculate the highest common divisor of v and 10.
10
Suppose 4*a = 5*w + 100, a = 4*w - 6 + 42. What is the highest common factor of a and 4?
4
Let o = 61 - 17. Calculate the greatest common divisor of o and 4.
4
Suppose 4 = z - 2. Let c be 4*(-3)/z + 32. What is the greatest common divisor of 75 and c?
15
Suppose -3*b - 2*a + 6 = -3*a, -3*a = 0. Let n be -12*(-2 - (1 - b)). What is the greatest common divisor of 60 and n?
12
Suppose 0*o = 2*o + 10. Let c = o - -3. Let i = c - -5. Calculate the greatest common factor of i and 3.
3
Suppose 0